{"id":12,"date":"2020-06-25T08:11:49","date_gmt":"2020-06-25T08:11:49","guid":{"rendered":"https:\/\/themes.muffingroup.com\/be\/business3_el\/?page_id=12"},"modified":"2024-08-18T03:28:20","modified_gmt":"2024-08-18T03:28:20","slug":"about","status":"publish","type":"page","link":"https:\/\/apuntic.com\/index.php\/about\/","title":{"rendered":"About"},"content":{"rendered":"\t\t<div data-elementor-type=\"wp-page\" data-elementor-id=\"12\" class=\"elementor elementor-12\">\n\t\t\t\t\t\t<section class=\"elementor-section elementor-top-section elementor-element elementor-element-c6ed732 elementor-section-stretched elementor-section-full_width elementor-section-height-default elementor-section-height-default\" data-id=\"c6ed732\" data-element_type=\"section\" data-settings=\"{&quot;stretch_section&quot;:&quot;section-stretched&quot;,&quot;background_background&quot;:&quot;classic&quot;}\">\n\t\t\t\t\t\t<div class=\"elementor-container elementor-column-gap-no\">\n\t\t\t\t\t<div class=\"elementor-column elementor-col-100 elementor-top-column elementor-element elementor-element-b63b404\" data-id=\"b63b404\" data-element_type=\"column\">\n\t\t\t<div class=\"elementor-widget-wrap elementor-element-populated\">\n\t\t\t\t\t\t<div class=\"elementor-element elementor-element-2cf8e6b elementor-widget elementor-widget-text-editor\" data-id=\"2cf8e6b\" data-element_type=\"widget\" data-widget_type=\"text-editor.default\">\n\t\t\t\t<div class=\"elementor-widget-container\">\n\t\t\t\t\t\t\t\t\t<h6 style=\"color: #000;\">ABOUT US<\/h6><h1>\u00bfBusca integrar tecnolog\u00eda IoT?<\/h1>\t\t\t\t\t\t\t\t<\/div>\n\t\t\t\t<\/div>\n\t\t\t\t<div class=\"elementor-element elementor-element-7968ef4 elementor-widget elementor-widget-image\" data-id=\"7968ef4\" data-element_type=\"widget\" data-widget_type=\"image.default\">\n\t\t\t\t<div class=\"elementor-widget-container\">\n\t\t\t\t\t\t\t\t\t\t\t\t\t\t\t<img fetchpriority=\"high\" decoding=\"async\" width=\"1920\" height=\"698\" src=\"https:\/\/apuntic.com\/wp-content\/uploads\/2020\/06\/biz3-home-bottom-section.png\" class=\"attachment-full size-full wp-image-26\" alt=\"\" srcset=\"https:\/\/apuntic.com\/wp-content\/uploads\/2020\/06\/biz3-home-bottom-section.png 1920w, https:\/\/apuntic.com\/wp-content\/uploads\/2020\/06\/biz3-home-bottom-section-300x109.png 300w, https:\/\/apuntic.com\/wp-content\/uploads\/2020\/06\/biz3-home-bottom-section-1024x372.png 1024w, https:\/\/apuntic.com\/wp-content\/uploads\/2020\/06\/biz3-home-bottom-section-768x279.png 768w, https:\/\/apuntic.com\/wp-content\/uploads\/2020\/06\/biz3-home-bottom-section-1536x558.png 1536w, https:\/\/apuntic.com\/wp-content\/uploads\/2020\/06\/biz3-home-bottom-section-260x95.png 260w, https:\/\/apuntic.com\/wp-content\/uploads\/2020\/06\/biz3-home-bottom-section-50x18.png 50w, https:\/\/apuntic.com\/wp-content\/uploads\/2020\/06\/biz3-home-bottom-section-150x55.png 150w\" sizes=\"(max-width:767px) 480px, (max-width:1920px) 100vw, 1920px\" \/>\t\t\t\t\t\t\t\t\t\t\t\t\t\t\t<\/div>\n\t\t\t\t<\/div>\n\t\t\t\t\t<\/div>\n\t\t<\/div>\n\t\t\t\t\t<\/div>\n\t\t<\/section>\n\t\t\t\t<section class=\"elementor-section elementor-top-section elementor-element elementor-element-a627965 elementor-section-stretched elementor-section-boxed elementor-section-height-default elementor-section-height-default\" data-id=\"a627965\" data-element_type=\"section\" data-settings=\"{&quot;stretch_section&quot;:&quot;section-stretched&quot;}\">\n\t\t\t\t\t\t<div class=\"elementor-container elementor-column-gap-wider\">\n\t\t\t\t\t<div class=\"elementor-column elementor-col-100 elementor-top-column elementor-element elementor-element-d55f957\" data-id=\"d55f957\" data-element_type=\"column\">\n\t\t\t<div class=\"elementor-widget-wrap elementor-element-populated\">\n\t\t\t\t\t\t<div class=\"elementor-element elementor-element-843a825 elementor-widget elementor-widget-text-editor\" data-id=\"843a825\" data-element_type=\"widget\" data-widget_type=\"text-editor.default\">\n\t\t\t\t<div class=\"elementor-widget-container\">\n\t\t\t\t\t\t\t\t\t<h6>\u00a0 \u00a0LLEVA TU CONECTIVIDAD A OTRO NIVEL<\/h6><h3 style=\"margin-bottom: 0.8em; font-size: calc(var(--base-text-font-size) - (var(--default-text-font-size) - 21px)); font-weight: var(--heading-font-weight); line-height: 1.5; font-family: Graphik, BlinkMacSystemFont, 'Segoe UI', Roboto, Ubuntu, 'Helvetica Neue', sans-serif, 'Apple Color Emoji', 'Segoe UI Emoji', 'Segoe UI Symbol'; font-style: normal; color: #00334f; font-variant-ligatures: normal; font-variant-caps: normal; letter-spacing: normal; text-align: start;\" data-mce-fragment=\"1\"><span style=\"color: #0d1a85; font-family: Poppins, -apple-system, BlinkMacSystemFont, 'Segoe UI', Roboto, Oxygen-Sans, Ubuntu, Cantarell, 'Helvetica Neue', sans-serif; font-size: 70px; font-weight: 600; letter-spacing: 0px;\">Mejore su conectividad mutiradio<\/span><\/h3>\t\t\t\t\t\t\t\t<\/div>\n\t\t\t\t<\/div>\n\t\t\t\t<div class=\"elementor-element elementor-element-cf8dbe5 elementor-widget elementor-widget-spacer\" data-id=\"cf8dbe5\" data-element_type=\"widget\" data-widget_type=\"spacer.default\">\n\t\t\t\t<div class=\"elementor-widget-container\">\n\t\t\t\t\t\t\t<div class=\"elementor-spacer\">\n\t\t\t<div class=\"elementor-spacer-inner\"><\/div>\n\t\t<\/div>\n\t\t\t\t\t\t<\/div>\n\t\t\t\t<\/div>\n\t\t\t\t<section class=\"elementor-section elementor-inner-section elementor-element elementor-element-291c0fa elementor-section-boxed elementor-section-height-default elementor-section-height-default\" data-id=\"291c0fa\" data-element_type=\"section\">\n\t\t\t\t\t\t<div class=\"elementor-container elementor-column-gap-default\">\n\t\t\t\t\t<div class=\"elementor-column elementor-col-50 elementor-inner-column elementor-element elementor-element-fed4f0a\" data-id=\"fed4f0a\" data-element_type=\"column\">\n\t\t\t<div class=\"elementor-widget-wrap elementor-element-populated\">\n\t\t\t\t\t\t<div class=\"elementor-element elementor-element-22bd795 elementor-widget elementor-widget-text-editor\" data-id=\"22bd795\" data-element_type=\"widget\" data-widget_type=\"text-editor.default\">\n\t\t\t\t<div class=\"elementor-widget-container\">\n\t\t\t\t\t\t\t\t\t<h4>Dispositivos M.2<\/h4><p>El formato compacto M.2 de M-SoM, del tama\u00f1o de un sello postal grande, est\u00e1 optimizado para la producci\u00f3n en masa y la escalabilidad. Se integra perfectamente en el dise\u00f1o de la placa de circuito a trav\u00e9s de un conector M.2 NGFF, lo que permite cambios o actualizaciones de m\u00f3dulos sencillos. Esta filosof\u00eda de dise\u00f1o garantiza que su producto se mantenga a la vanguardia de la tecnolog\u00eda y las demandas del mercado.<\/p><p><span style=\"letter-spacing: 0px;\">El M-SoM no es solo un componente; es el futuro de la conectividad para dispositivos IoT. Ya sea que se trate de desarrollar sensores ambientales, infraestructuras para ciudades inteligentes o productos electr\u00f3nicos de consumo de vanguardia, el M-SoM ofrece la confiabilidad, la flexibilidad y la destreza tecnol\u00f3gica necesarias para mejorar su producto.<\/span><\/p>\t\t\t\t\t\t\t\t<\/div>\n\t\t\t\t<\/div>\n\t\t\t\t\t<\/div>\n\t\t<\/div>\n\t\t\t\t<div class=\"elementor-column elementor-col-50 elementor-inner-column elementor-element elementor-element-7666d54\" data-id=\"7666d54\" data-element_type=\"column\">\n\t\t\t<div class=\"elementor-widget-wrap elementor-element-populated\">\n\t\t\t\t\t\t<div class=\"elementor-element elementor-element-8cb8454 elementor-widget elementor-widget-text-editor\" data-id=\"8cb8454\" data-element_type=\"widget\" data-widget_type=\"text-editor.default\">\n\t\t\t\t<div class=\"elementor-widget-container\">\n\t\t\t\t\t\t\t\t\t<p>M-SoM LTE-M\/2G\u00a0<\/p><p>Para aquellos que buscan crear prototipos, consideren la placa Muon, el kit para desarrolladores para M-SoM, que agrega soporte LoRaWAN.\u00a0<\/p><ul><li>Factor de forma M.2 SoM, como el B-SoM<\/li><li>MCU Realtek RTL8722DM (BLE y Wi-Fi)<\/li><li>Procesador ARM Cortex-M33, 200 MHz<\/li><li>M\u00f3dem celular<\/li><li>Quectel BG95-M5 LTE-M con respaldo 2G (Am\u00e9rica del Norte)<\/li><li>GNSS incorporado<\/li><li>Wi-Fi 802.11a\/b\/g\/n, 2,4 GHz y 5 GHz<\/li><li>BLE 5 utiliza la misma antena que Wi-Fi<\/li><li>Tama\u00f1o m\u00e1ximo de la aplicaci\u00f3n del usuario: 2048 KB (2 MB)<\/li><li>3072 KB (3 MB) de RAM disponibles para aplicaciones de usuario<\/li><\/ul>\t\t\t\t\t\t\t\t<\/div>\n\t\t\t\t<\/div>\n\t\t\t\t\t<\/div>\n\t\t<\/div>\n\t\t\t\t\t<\/div>\n\t\t<\/section>\n\t\t\t\t\t<\/div>\n\t\t<\/div>\n\t\t\t\t\t<\/div>\n\t\t<\/section>\n\t\t\t\t<section class=\"elementor-section elementor-top-section elementor-element elementor-element-8f7d6ea elementor-section-stretched elementor-section-boxed elementor-section-height-default elementor-section-height-default\" data-id=\"8f7d6ea\" data-element_type=\"section\" data-settings=\"{&quot;stretch_section&quot;:&quot;section-stretched&quot;}\">\n\t\t\t\t\t\t<div class=\"elementor-container elementor-column-gap-wider\">\n\t\t\t\t\t<div class=\"elementor-column elementor-col-100 elementor-top-column elementor-element elementor-element-42bbc9b\" data-id=\"42bbc9b\" data-element_type=\"column\">\n\t\t\t<div class=\"elementor-widget-wrap elementor-element-populated\">\n\t\t\t\t\t\t<div class=\"elementor-element elementor-element-4dc8950 elementor-widget elementor-widget-image\" data-id=\"4dc8950\" data-element_type=\"widget\" data-widget_type=\"image.default\">\n\t\t\t\t<div class=\"elementor-widget-container\">\n\t\t\t\t\t\t\t\t\t\t\t\t\t\t\t<img decoding=\"async\" width=\"73\" height=\"59\" src=\"https:\/\/apuntic.com\/wp-content\/uploads\/2020\/06\/biz3-quotes.png\" class=\"attachment-large size-large wp-image-39\" alt=\"\" srcset=\"https:\/\/apuntic.com\/wp-content\/uploads\/2020\/06\/biz3-quotes.png 73w, https:\/\/apuntic.com\/wp-content\/uploads\/2020\/06\/biz3-quotes-50x40.png 50w\" sizes=\"(max-width:767px) 73px, 73px\" \/>\t\t\t\t\t\t\t\t\t\t\t\t\t\t\t<\/div>\n\t\t\t\t<\/div>\n\t\t\t\t\t<\/div>\n\t\t<\/div>\n\t\t\t\t\t<\/div>\n\t\t<\/section>\n\t\t\t\t<\/div>\n\t\t","protected":false},"excerpt":{"rendered":"<p>ABOUT US \u00bfBusca integrar tecnolog\u00eda IoT? \u00a0 \u00a0LLEVA TU CONECTIVIDAD A OTRO NIVEL Mejore su conectividad mutiradio Dispositivos M.2 El formato compacto M.2 de M-SoM, del<span class=\"excerpt-hellip\"> [\u2026]<\/span><\/p>\n","protected":false},"author":1,"featured_media":0,"parent":0,"menu_order":0,"comment_status":"closed","ping_status":"closed","template":"","meta":{"content-type":"","footnotes":""},"class_list":["post-12","page","type-page","status-publish","hentry"],"_links":{"self":[{"href":"https:\/\/apuntic.com\/index.php\/wp-json\/wp\/v2\/pages\/12","targetHints":{"allow":["GET"]}}],"collection":[{"href":"https:\/\/apuntic.com\/index.php\/wp-json\/wp\/v2\/pages"}],"about":[{"href":"https:\/\/apuntic.com\/index.php\/wp-json\/wp\/v2\/types\/page"}],"author":[{"embeddable":true,"href":"https:\/\/apuntic.com\/index.php\/wp-json\/wp\/v2\/users\/1"}],"replies":[{"embeddable":true,"href":"https:\/\/apuntic.com\/index.php\/wp-json\/wp\/v2\/comments?post=12"}],"version-history":[{"count":15,"href":"https:\/\/apuntic.com\/index.php\/wp-json\/wp\/v2\/pages\/12\/revisions"}],"predecessor-version":[{"id":379,"href":"https:\/\/apuntic.com\/index.php\/wp-json\/wp\/v2\/pages\/12\/revisions\/379"}],"wp:attachment":[{"href":"https:\/\/apuntic.com\/index.php\/wp-json\/wp\/v2\/media?parent=12"}],"curies":[{"name":"wp","href":"https:\/\/api.w.org\/{rel}","templated":true}]}}